*m**4/6 - 14*m. Let q(p) be the third derivative of t(p). Is q(10) prime?
True
Suppose -32*m - 270 = -22*m. Is (6 - (-144)/m)*(-25581)/(-2) composite?
False
Let a = 30 + -27. Suppose 13*z = -a*z. Suppose z = 5*k + 25, -v + 1192 = 4*k + 133. Is v a composite number?
True
Let x = -49 + 53. Suppose 4*f - 2*j - 11716 = 0, x*f - 4*j = j + 11716. Is f a prime number?
False
Suppose -465*z + 2*d = -464*z - 14441, 28882 = 2*z + 5*d. Is z a prime number?
False
Suppose -4*z + 7*i = 3*i - 92, z - 29 = 4*i. Suppose z*b - 29107 = 75494. Is b a prime number?
False
Suppose -3*n - 12 - 2 = 2*b, 4*n - 42 = 2*b. Let s = b - -15. Suppose 5*j = -2*c - 2*c + 8267, -2*j - 4156 = -s*c. Is c prime?
False
Let g = 81505 + 24346. Is g a composite number?
True
Let f = -7 + 124. Suppose 7053 = 120*x - f*x. Is x a composite number?
False
Let j be (2 + (-7)/3)*-2*6. Suppose -1860 = -5*f - 10*b + 5*b, j*f - 1494 = 2*b. Is f a composite number?
False
Suppose 125977 - 52841 = 8*i. Suppose i = 2*g - 4*k, 5*g = -0*k - 5*k + 22780. Is g composite?
False
Let s be -1 + (-311580)/(-9 - 0). Suppose 0 = -4*h - 10*c + 7*c + s, 4*c = -3*h + 25959. Is h a composite number?
True
Let w = 16539 - 3608. Is w a prime number?
False
Suppose 6*o - 4*o - 4*w - 18826 = 0, 4*o - 37641 = -3*w. Let r = -6472 + o. Is r a prime number?
True
Let y = -5044 + 718. Let s = 6299 + y. Is s prime?
True
Is (21 - 4) + (8 - -311140) a composite number?
True
Let p(s) = s**3 - s**2 + s + 1. Let u be p(0). Let v be 31/15 - (-11)/(-165). Is (17/v)/((-1)/(-6)*u) prime?
False
Is (-872390)/(-6) + 58/87 a prime number?
True
Let s(t) be the second derivative of 191*t**3/3 - 5*t**2/2 - 44*t. Let y be s(1). Let a = y - -86. Is a a composite number?
False
Let b(q) = 425*q - 7. Let t be b(8). Suppose 5*v - 17 = 4*d + 17, -5*v + 3*d = -38. Suppose -v*g + 10303 = t. Is g composite?
False
Let h(s) = 215*s**2 + 55*s + 8. Let w be h(-8). Let q = w + -5689. Is q composite?
False
Suppose 3*t + 458 = 4*r, -t - t + 352 = 3*r. Is (-20)/(-290) - (-5307572)/r composite?
True
Let d = -541 + 1057. Let b = d - 305. Is b a prime number?
True
Is (-16059*(-3)/(-9))/(-1) a composite number?
True
Let s(o) = 21189*o**2 + 16*o - 42. Is s(2) a prime number?
False
Suppose 5*q + 328 = 7*q. Suppose 2*j - 223 = -b, 0 = 3*j + j - 16. Let t = q + b. Is t prime?
True
Let q(z) be the third derivative of 29*z**4/24 + 19*z**3/6 - 15*z**2. Let o be q(-5). Let c = o - -497. Is c a composite number?
True
Let f(u) = -6*u**2 - 4*u - 7. Let o be f(-5). Let z = -383 - o. Let c = 499 + z. Is c a prime number?
False
Suppose -240893 = 438*h - 445*h + 319338. Is h prime?
False
Let g = 197831 + -122137. Let o = g + -19613. Is o a prime number?
True
Suppose 2*s + 14364 = 4*s - 2*f, -s = -5*f - 7186. Is s a composite number?
True
Let y(g) = -g**2 - 11*g + 65. Let p be y(4). Suppose p*s - 3*s = 5*l + 808, -4*s + 1638 = l. Is s composite?
False
Let d(p) = -1290*p + 133. Let v(y) = -5*y - 1. Let r(s) = d(s) - v(s). Is r(-3) prime?
True
Let f = 16436 + -11403. Let k = f + -3084. Is k composite?
False
Let g be 5 + (-1 - 3) + 4 - 5. Suppose 26*r - 20*r - 44598 = g. Is r prime?
True
Let v(i) be the first derivative of -43*i**4/2 + i**3/3 + i**2/2 + i + 1. Let k be (-12*6/(-72))/(-1). Is v(k) composite?
True
Suppose 7*r = 11*r - r. Suppose r = -u + 2, -3*j = 3*u - 34293. Is j prime?
False
Is 109930441/444 + 5/(-60) composite?
False
Let g(l) = -l**2 - 23*l - 62. Let a be g(-20). Is (a/((-2)/(-4751)))/1*-1 a prime number?
True
Let a be 224/35 - (-3)/5. Suppose -4*p + j = -35, 5*j - 1 = 5*p - 26. Is ((-268)/p)/(a/(-210)) - -3 prime?
False
Let i = 156717 + -62864. Is i a composite number?
True
Suppose 2*v + 2*n = 174, -5*v - 6*n = -8*n - 456. Is (-3207)/(-2)*-10*(-6)/v a prime number?
True
Suppose -12*k + 17*k = 0. Suppose k = -30*x + 25*x + 17165. Is x a prime number?
True
Let z(y) = 22*y**2 + 52*y - 50. Let s be z(51). Suppose 34*c - 18*c = s. Is c prime?
True
Let o(r) = 1229*r**3 - 3*r + 3. Let h be o(1). Let l = -778 + h. Is l composite?
True
Suppose -39*d + 38*d + 67307 = -5*s, 0 = 2*d + 4*s - 134614. Is d prime?
True
Suppose -6*q = -2*t - 21063 - 34763, -2*t = -10. Suppose 1124565 = 29*j - q. Is j a composite number?
True
Suppose 25*d - 20*d + j + 6706 = 0, 5*d + 4*j + 6694 = 0. Let s = -429 - d. Is s composite?
True
Let p(z) be the first derivative of -3*z**2/2 + 41*z + 26. Let t be p(13). Suppose -t*g - f + 283 = -137, -4*f - 8 = 0. Is g prime?
True
Suppose 5*d - 2*y = 301588 + 256266, 4*d + 4*y - 446328 = 0. Is d prime?
False
Let z = 204427 + -95210. Is z prime?
False
Suppose 2665 = 2*z + 5*p - 12541, 3*z = -p + 22809. Is z composite?
False
Let g = -54 + 54. Suppose g = h - 2. Suppose 2*m = h*v + 3*m - 290, v + 4*m - 159 = 0. Is v composite?
True
Suppose -3*v - 2*i + 39906 = 0, -2*v + 26256 + 348 = -3*i. Suppose 4*o - v = -3*n + 4563, -2*n + o = -11899. Is n a prime number?
False
Let l(j) = 3*j**3 + 17*j**2 - 5*j - 6. Let i be (0 + (-12)/9)*(-45)/5. Let u be l(i). Suppose -4*v + k = -15117, 3*v - 2*k - u = v. Is v a prime number?
False
Suppose -14 - 50 = 4*h. Let d = -27 - h. Let b(f) = f**3 + 16*f**2 - 25*f - 9. Is b(d) a prime number?
False
Let i = -7 - -25. Suppose -43 = -5*a + j, -j = 4*a - 11 - i. Suppose -5*p + 4*k - a*k = -455, 3*k = -3*p + 270. Is p a prime number?
False
Suppose 0 = 3*v - 3*z + 24, 0 = 2*v - 0*z - 5*z + 25. Let n be 0/2 + (0 - (v - -6)). Is 2 + 1/(n/(-2193)) prime?
False
Suppose 3*g - 35 = 616. Suppose -g = 2*o + 2*c - 5621, -5*o - 4*c = -13513. Is o a composite number?
True
Let z(f) = 69*f**2 + 32*f + 175. Let c be z(-9). Suppose -s - 53235 = -5*j, j + 5*s = c + 5145. Is j a composite number?
True
Suppose 0 = 2*l - 4*l. Suppose l = -12*n + 7*n. Suppose n = 4*q - 422 - 110. Is q composite?
True
Suppose 1 - 3 = 2*z. Let v be (-9)/12 + z + 3/(-12). Is v/4*-797*12/6 composite?
False
Suppose -37*p - 941432 = -279983. Let r be (-1 - -30202) + (1 - 2). Let c = r + p. Is c prime?
True
Suppose -5*z = -4*p - 3, 0 = 3*z - 7*z + 3*p + 3. Suppose -z*r + 5*n + 498 = 0, -3*r + 486 = -0*r - n. Is r composite?
True
Suppose p + 0 - 17 = 3*t, -2*t = -5*p + 33. Suppose -o + 6*j = 10*j - 10989, 5*j + 54845 = p*o. Is o a composite number?
False
Suppose -2*f = -f. Suppose f - 15 = 5*c. Is (95/(-2) - c)*-14 a prime number?
False
Let d = 100252 - -661105. Is d a prime number?
True
Let x(q) = 2407*q + 57. Let u be x(-3). Let p = u + 11873. Is p composite?
True
Let i = -120 + 154. Let o = i - 31. Suppose -5*t + 2*q + 3897 = 0, 2*t = -o*t - 4*q + 3921. Is t a prime number?
False
Is 2/4*(239443 + 3) prime?
True
Let z(g) = 70341*g - 12508. Is z(7) composite?
False
Is 83/(-830) + (-5417142)/(-20) a prime number?
False
Suppose w + 7649 - 28840 = 0. Is w a composite number?
False
Let m(q) be the third derivative of -1/40*q**6 - 11/6*q**3 - q**2 + 0 - 7/60*q**5 + 0*q + 1/12*q**4. Is m(-8) prime?
True
Suppose 4*j - 41 = 5*q + 10, -5*j = -3*q - 54. Suppose 0*t + j*t - 18 = 0. Suppose 0*v - 4*z = 4*v - 120, t*v - 5*z - 81 = 0. Is v prime?
False
Let r be -38*(1 + (-265)/(-10)). Let o = -3381 + -363. Let h = r - o. Is h composite?
False
Suppose -2*k = 3*i - 1405321, -15*k + 3*i = -13*k - 1405363. Is k prime?
True
Let w(i) be the first derivative of 13*i**6/360 + i**5/30 + 5*i**4/12 - i**3/3 - 16. Let c(k) be the third derivative of w(k). Is c(5) a composite number?
True
Let k = 101 + -86. Let s be ((-1)/(-2) - -2)*12/k. Is ((-12)/(-15))/(s/1835) prime?
False
Let f(q) be the third derivative of 11*q**7/840 - 11*q**6/720 - q**5/24 - 9*q**4/8 + 17*q**2. Let a(d) be the second derivative of f(d). Is a(7) composite?
True
Let x be 2/3*((-5036598)/4)/(-21). Let l = -26450 + x. Is l a prime number?
True
Let q be (-6)/21 - -887*(-5)/35. Let d be 2796/11 + (-18)/99. Let t = q + d. Is t composite?
False
Is (-35)/(-105)*(-65061)/(-3 + 2) a prime number?
False
Let w(l) = -l**3 - 7*l**2 + l + 4. Let s be w(-5). Let a be s/9 + (-5)/15. Is (0 + 3/a)*-548 prime?
False
Let x be 36 + 0/(3 + -3 - -2). Suppose z + 8 = x. Is (z/(-12))/(3/(-171)) a composite number?
True
Suppose -571298 = -31*h + 7752016 - 574709. Is h a prime number?
False
Let i(u) = u**2 - 14*u + 29. Let y be i(11). Let k be (-3 - y - -286)*30/35. Suppose r + j = k, 0*r + 2*r - 487 = -3*j. Is r a composite number?
False
Suppose 0 = 6*p 